tor of o and 62?
62
Suppose 17*h - 2714 = 2641. What is the greatest common divisor of 210 and h?
105
Let v(g) = -8*g**3 - 39*g**2 + g - 14. Let y be v(-7). What is the greatest common factor of y and 140?
28
Let d = 95 - 62. Suppose 31*g - d*g + 22 = 0. Calculate the greatest common divisor of g and 33.
11
Let q be -2*(-21)/70 - (-84)/10. Let m be (-2 - (-1 + -1)) + 13. What is the highest common divisor of q and m?
1
Let p be 1/((-2)/(-20)) + 0. Suppose -b + 0*b = -p. Let g(u) = 3*u**3 - 28*u**2 - 24*u + 50. Let h be g(10). What is the highest common factor of b and h?
10
Let s be 13 + 62 + -31 + -8. Let j be -1 + 235 - (2 + -2). Calculate the highest common factor of j and s.
18
Let i = -14845 + 14875. What is the highest common factor of 315 and i?
15
Let r be 12*((-1)/2 - 23/46). Let n be (-3)/((r/(-52))/(-3)). What is the highest common divisor of n and 26?
13
Suppose 49 = -7*n - 0*n. Let g = n - 13. Let c be -1 + 20 + 40/g. What is the greatest common divisor of 136 and c?
17
Let v = 46 + -43. Suppose 4*k + 4 = v*k + 3*q, k - 2*q + 1 = 0. Suppose -z + 8 = z + k*j, -2*z = -2*j - 22. Calculate the highest common divisor of z and 18.
9
Let w(x) = 15*x + 273. Let z(s) = 2*s + 39. Let c(r) = 4*w(r) - 27*z(r). Let l be c(-3). Calculate the greatest common divisor of 189 and l.
21
Let x = 52 + -53. Let n be (5 - 4)*-126*x/2. What is the greatest common divisor of 36 and n?
9
Suppose -3*r - 5*s = -51, 6*s = s + 15. Let w = r + -4. Suppose -5*j - 655 = -g - 671, -4*j + 26 = -3*g. Calculate the highest common factor of j and w.
2
Let f = -23 + 22. Let a be (-3 + f - -326) + -2. Let j = -197 + a. What is the highest common divisor of j and 41?
41
Suppose k - m + 3*m = 373, 0 = -4*k - 2*m + 1498. Let z = k - 315. Calculate the greatest common divisor of 180 and z.
60
Suppose -522*j - 18 = -531*j. Suppose -p + 3207 = j*p - 3*s, 2*p - 5*s - 2126 = 0. What is the highest common divisor of 58 and p?
29
Let u = 4730 - 4620. What is the greatest common divisor of u and 130?
10
Let y be 393/15 - (-2)/70*-7. Suppose -a - 102 = -2*b + y, -4*a = 4*b - 268. Calculate the highest common factor of b and 780.
65
Let a be 104/6 + 2/3. Suppose 15*v - a = 13*v. Suppose -v*h = -5*h - 24. What is the greatest common factor of 27 and h?
3
Let r(l) = 40*l**2 + 116*l - 480. Let d be r(4). Calculate the highest common divisor of 48 and d.
48
Suppose -5*t = -5*h + 11215, -2649*h + 3*t + 4487 = -2647*h. Calculate the greatest common divisor of h and 590.
118
Let p(q) = -2*q**3 - 15*q**2 + 2*q + 11. Let w be p(-8). Let m = 40 - w. Let f = 3 - m. What is the highest common divisor of f and 2?
2
Let p be -9 - ((-6)/4)/(3/6). Let s be 88/p + 1/(-3). Let x = 41 + s. What is the greatest common factor of x and 39?
13
Let i be (9 - 2 - 4)*1. Suppose -10 = -4*f + 6. Suppose p = 5*o - 10, -2 = -o - f*p - 0*p. What is the highest common divisor of o and i?
1
Let b be (3/(-2) - -2)*(2 - 2). Let x be (-1 + 2 - b)/((-6)/(-96)). Calculate the highest common divisor of 12 and x.
4
Let r = -348 - -945. Let y = 623 - r. Calculate the greatest common factor of 104 and y.
26
Suppose 5*y - 4864 = -n, -y + 27624 = 4*n + 8168. Suppose 77*v + n = 85*v. Calculate the greatest common divisor of 64 and v.
32
Let w be 44*17/(-16)*-4. Suppose 2 = 7*v - w. What is the greatest common divisor of 72 and v?
9
Let s be (-1246)/(-2) + (7 - (-8 - -15)). Let v be s - ((-10 - -3) + 6). Calculate the greatest common factor of 39 and v.
39
Suppose -62 = -3*j - 5. Let y(q) = -15*q + 122. Let t be y(8). Let i be (-27 + (t - -6))/((-2)/2). What is the highest common factor of j and i?
19
Let r(o) be the third derivative of -19*o**6/120 - o**5/20 + o**4/8 + o**3/2 - o**2 - 31*o. Let k be r(-1). What is the greatest common divisor of 88 and k?
8
Let s = 242 + -112. Let o = -23009 + 23113. Calculate the greatest common factor of s and o.
26
Let c(n) = 692*n - 9571. Let l be c(14). Calculate the highest common divisor of l and 1365.
39
Let h be 20*(134/4 - -1). Let z(v) = 3*v**3 + 16*v**2 - 2616*v - 66. Let p be z(27). What is the highest common divisor of p and h?
15
Suppose -428 = -44*a + 71 + 117. Calculate the highest common divisor of 19614 and a.
14
Suppose 3*b - 1247 = 2*f, -4*b + f + 1050 = -616. Calculate the greatest common divisor of b and 1529.
139
Suppose 110*c - 13107 = -94*c + 20145. What is the highest common divisor of c and 163?
163
Let c(r) = -r**3 + 5*r**2 + 8*r - 33. Let k be c(5). Suppose -k*b + 43 = -6. Calculate the highest common divisor of 301 and b.
7
Suppose 4*p + 80 = 5*c - c, 4*p = 5*c - 96. Let k = 0 + c. Let s be (-188)/(-22) - 0 - (-54)/(-99). Calculate the greatest common divisor of s and k.
8
Let b be ((-378)/(-11) - 2) + (-11)/((-484)/(-16)). What is the greatest common factor of 18432 and b?
32
Let k = 853 + -845. Suppose 4*t - 2*u - 130 = 0, 3*u - 36 = -2*t + 25. Calculate the highest common divisor of k and t.
8
Suppose -2*l + l + 24 = 0. Let d = -58088 - -58104. What is the greatest common factor of d and l?
8
Suppose c - 256 = -3*p - 12, -747 = -3*c - 4*p. What is the greatest common factor of 1564 and c?
23
Suppose -7*m + 878 = -9*m. Let j = m - -440. What is the highest common factor of 9 and j?
1
Suppose -40 = -2*d + 2. Suppose 10 = 3*x + 4*z, 5*x - 5*z = 69 - 29. Suppose 0 = 4*r - x - 78. Calculate the greatest common factor of r and d.
21
Suppose 0*j - 9*j - 6648 = -33*j. Calculate the highest common factor of j and 2.
1
Let m = 1154 - 752. Calculate the greatest common factor of 3 and m.
3
Let x = -2758 - -2778. What is the greatest common divisor of 1010 and x?
10
Let m = -41 + 43. Let o(k) = 9*k + k**m - 8*k - 1 - 8. Let n be o(-4). Calculate the greatest common factor of n and 15.
3
Suppose 3*h - 2*f - 2245 = 2437, -3*h + 4658 = -5*f. Calculate the greatest common factor of 918 and h.
54
Suppose -25*b = -28*b + 24, -v + 8827 = -2*b. What is the highest common factor of v and 37?
37
Let h(i) = 2*i**2 - i + 9. Let v be h(3). Let l = 12 - 10. Suppose -l*d + 33 = 1. What is the highest common divisor of d and v?
8
Let k = -76 + 80. Suppose 3*s - 4*n = 495, -4*s + k*n + 797 = 137. Calculate the greatest common factor of 45 and s.
15
Suppose 9 = d - 316. Calculate the greatest common factor of 1040 and d.
65
Let i be (-1)/((-2)/10) + -85 + 144. Suppose 3*v - i = -t, -4*v = v + 4*t - 95. What is the greatest common divisor of v and 345?
23
Suppose 5*g + 371 = -394. Let c = g + 283. Let n(o) = -8*o**2 + 49*o + 4. Let x be n(6). What is the greatest common factor of c and x?
10
Let o(x) = -x**2 - 8*x + 8. Let z be o(-6). Let y(h) = -3 - z - 7 - 478*h + 467*h. Let w be y(-6). What is the greatest common divisor of 12 and w?
12
Let o be (2/3)/(6/99). Let m = 268 + -259. Suppose 18 - 9 = m*z. Calculate the highest common divisor of o and z.
1
Let l = -24647 - -27677. What is the greatest common divisor of l and 135?
15
Let u = 15 + -1. Let p = -24 - -27. Suppose -2*v + 2*r - 48 = -154, 0 = p*v + 4*r - 180. What is the highest common divisor of v and u?
14
Let v = 17917 - 17825. Let b = 12 + -8. What is the greatest common divisor of b and v?
4
Suppose 0 = -2*c + 17*f - 15*f + 56, -2*c + 50 = -5*f. Let k be (-375)/c*((-62)/10 - -3). What is the highest common divisor of 5 and k?
5
Let b(h) = -8*h - 42. Let g be b(-3). Let p be (-35766)/(-162) + (-4)/g. What is the greatest common divisor of 34 and p?
17
Suppose 989*a - 969*a - 8120 = 0. Calculate the highest common factor of 994 and a.
14
Suppose -3*f = 5*d - 101, -29*d + 24*d + f + 93 = 0. Calculate the greatest common divisor of d and 8.
1
Suppose 0*o - 659 = -5*o + 4*u, -o + 131 = -u. Suppose 0*n - o = -9*n. Suppose -n*t + 126 = -24. What is the greatest common factor of t and 70?
10
Let l be 9/135 + (-24704)/15*-1. Calculate the greatest common factor of l and 61.
61
Suppose 11*d - 29*d = -1422. Let k be 174/(-4)*(-2)/3. Suppose -3*p = 3*a - 52 - k, 3*a - d = -2*p. Calculate the highest common divisor of a and 1.
1
Suppose 6*h - 78 - 342 = 0. Suppose -l = -5*k + 36 + 34, 5*l - h = -3*k. What is the highest common divisor of 705 and k?
15
Let l = 302 - 135. Suppose 32 = -5*c + l. What is the greatest common factor of 3 and c?
3
Let d(n) = n**3 - 32*n**2 - 9*n - 28. Let a be d(35). What is the highest common divisor of 4 and